 the prime factors of u.
3, 31
What are the prime factors of (-26237 + -1)*((-3)/(-18))/(-28 + 27)?
4373
Let f(q) be the second derivative of -3/2*q**2 - 1/4*q**4 + 1/2*q**3 - 8*q + 0 + 1/2*q**5. List the prime factors of f(2).
71
Suppose 2*a + 4*r = 5*a - 15166, -3*r = 2*a - 10105. What are the prime factors of a?
2, 7, 19
Let k be 46 + 12/(-4) + 5. Suppose -2*h = k - 58. Suppose 3 = 2*n - h, -2*n = -4*w + 164. List the prime factors of w.
43
Let w be (9/(-4))/((-3)/8). Let z = w - -53. What are the prime factors of z?
59
Suppose 3*j = -d + 1, -5*j = 6 + 4. Suppose -9*z + 76 = -d*z. Suppose 33*v = 35*v - z. List the prime factors of v.
19
Let t(z) = 2*z + 48*z**2 + 3*z + 2009 - 8*z**2 - 1999. Let p(c) = -c**2 - 9*c - 16. Let a be p(-7). What are the prime factors of t(a)?
2, 5
Let s(b) = -3*b + 48. Suppose 2*i - 11 = i - c, -i - 1 = 4*c. Let w be s(i). Suppose -w*k + 330 = 2*m, 5*k - 547 - 109 = -4*m. List the prime factors of m.
3, 53
Suppose 0 = y - 5*s - 31891, 4*y - 2*s - 88527 = 38893. List the prime factors of y.
3, 3539
Suppose -2*n - 64 = -170. Let a(o) = -6*o**3 + 68*o**2 - 6*o + 5. Let x be a(11). Let h = x - n. What are the prime factors of h?
2
Let y be (1/(12/54))/(3/8). Let n(j) = -4*j + 51. Let s be n(y). What are the prime factors of (-1 + (-189 - 1))*s/(-3)?
191
Let m = 10545 + -7509. Suppose x - m = -3*a, -8*a + 9*a - 5*x - 1028 = 0. List the prime factors of a.
1013
Let o(z) = 22*z - 82. Let w be o(4). Let s(b) = 4*b**3 + 2*b**2 - 3*b - 23. What are the prime factors of s(w)?
5, 179
Let m(r) = -6*r**3 - 3*r - 13. Let u be 2/(-2*8/4)*6. What are the prime factors of m(u)?
2, 79
List the prime factors of ((-17428)/(-12))/((-24)/9 - -3).
4357
Let d(t) = -18*t - 111. Let j be d(-22). Suppose 0 = 4*i - j - 2771. What are the prime factors of i?
2, 191
Suppose -51*d + 46*d = -1650. List the prime factors of d.
2, 3, 5, 11
Let z(m) = -m**3 + 9*m**2 + 6*m - 1. Suppose 2*t - 151 + 45 = -4*y, -3*t = 2*y - 59. Let x be 205/y - 3/15. List the prime factors of z(x).
3, 37
Let f = 42 + -25. Let p = f + -12. Suppose -a = 0, p*m - 5*a - 170 = -10*a. List the prime factors of m.
2, 17
Let o = 37067 - 20680. List the prime factors of o.
7, 2341
Let s = 117 - 239. Let m = s - -126. List the prime factors of m.
2
Let w(j) = 37*j - 38. Let t be w(14). Let i = t + -100. Let x = i - 259. List the prime factors of x.
11
Let c(r) = 215*r**2 - 21*r - 50. What are the prime factors of c(-2)?
2, 3, 71
Suppose 4*x - 2*f - 18 - 4 = 0, -2*x + 4*f = -26. Suppose -3*i - x*c = -12, -3*i + 4*c = 33 - 80. Suppose 0 = 2*d - i*d + 672. List the prime factors of d.
2, 3
Suppose -432 = 7*l + 58. Let c = 70 + l. Suppose -4*w = -c*w - 244. What are the prime factors of w?
61
Let k(o) = 13*o**2 + 5. Let q be k(3). Let m = q + -78. Let j = m + 87. List the prime factors of j.
131
Let o = -50 - -91. Let f be 1*(29 - 29)/((-2)/(-2)). What are the prime factors of (o - f)/(1 - (0 - 0))?
41
Suppose 2*j = 149 + 325. Let h = j - -708. What are the prime factors of h?
3, 5, 7
Suppose -20*n + 1318243 = -278634 + 212817. What are the prime factors of n?
69203
Let n(z) = 185*z**2 + 451*z + 5339. List the prime factors of n(-12).
31, 857
Suppose 2*f = 3*a - 54603, 4*f - 23050 = -2*a + 13320. What are the prime factors of a?
31, 587
Suppose 3*k = 5*v - 5238, 2*v - 7*k + 4*k = 2088. List the prime factors of v.
2, 3, 5, 7
Let i = -179 + 186. Suppose i*b = -1804 + 7922. List the prime factors of b.
2, 19, 23
Let u(h) = 33*h + 135. Suppose 0 = 14*s + 20 + 22. List the prime factors of u(s).
2, 3
Let c = 44 + -58. Let a = c - -6. Let l(w) = 3*w**2 + 16*w + 12. List the prime factors of l(a).
2, 19
Let p = 23500 + -12715. What are the prime factors of (16/(-4) - -1)*p/(-45)?
719
Suppose 5*f - 201768 - 70488 = -f. List the prime factors of f.
2, 709
Let n(i) = 4*i - 5. Let u(x) = -8*x + 9. Suppose -5*p = 2*a + 13, 0*a - 2*p = a + 4. Let d(y) = a*u(y) + 15*n(y). List the prime factors of d(7).
3, 7
Suppose 2*g - 24 = 2*l, -5*g + 32 = -3*l + 2*l. Let t(w) = w**2 - 26*w + 189. Let c be t(11). Let h = c + l. What are the prime factors of h?
17
Suppose -33*l + 31*l + 6 = 0. Let g be -18*(-2)/4*l/3. What are the prime factors of g*(-2)/(-6)*1*24?
2, 3
Suppose 0 = -4*o + 20 - 4. Suppose -7 - 9 = -o*t. Suppose -t*f = -2*f - 14. What are the prime factors of f?
7
Suppose 3*x + u + 14 = 0, 2*x + 5 = -5*u - 26. Let i be x/6*-10 + 331. Suppose -2*a - 2*f = -330, 0*a + 4*f = 2*a - i. List the prime factors of a.
2, 83
Suppose 329*y - 330*y = 3*p - 114660, -191090 = -5*p - 5*y. List the prime factors of p.
37, 1033
Suppose -5*w - 6056 = -4*p - 8*w, -p - 3*w + 1505 = 0. Let i = p - 260. What are the prime factors of i?
3, 419
Suppose -2*t - 54 + 18 = -2*d, 0 = -3*t + 12. Suppose b + d = 4*a, 2*b - 5*a + 11 = -18. List the prime factors of b/(-9) + (6630/54 - 6).
3, 13
Let s be (-2 + 3)*(9 + 2). Suppose 17*y - 1866 = s*y. What are the prime factors of y?
311
Suppose 0 = 11*d - 8*d + 2*i - 237, 158 = 2*d + 5*i. Suppose d*y = 77*y + 736. What are the prime factors of y?
2, 23
Let k = -66 - -69. Suppose 5*n + 2*b + 208 - 6246 = 0, -k*b = -12. Suppose 0*s + n = 9*s. List the prime factors of s.
2, 67
Suppose r - 18*r = -4046. Let f = 191 + r. What are the prime factors of f?
3, 11, 13
Let w(u) = -u**3 + 4*u**2 - 3*u - 14. Let p be w(6). Suppose 3*m + 283 = 67. Let g = m - p. What are the prime factors of g?
2
Suppose 21*o - 22*o + 5*r = -1850, -3*o = 5*r - 5650. What are the prime factors of o?
3, 5
Let b = 143 - -78. List the prime factors of 9248/b - (-2)/13.
2, 3, 7
Let o be 103509/14 + (1/2 - 2). Suppose -32*k + 21*k + o = 0. List the prime factors of k.
2, 3, 7
Suppose -19 = 3*f + 5*t, -4*f - 3*t + 4 = 11. List the prime factors of 5622/18*(5 - f).
937
Let d(y) = 5*y + 42. Let t be d(-8). Suppose 149 = -t*x + 715. List the prime factors of x.
283
Let r(l) = l**2 - 14*l - 2. Let b be r(17). Suppose w - 4*w - 9 = 0, -4*c = -3*w - b. Let i(x) = 18*x + 3. List the prime factors of i(c).
3, 61
Let f be (-45)/(-27)*(5 - -1). Let b be 5/(f/(-318)) + -1. Let k = -7 - b. What are the prime factors of k?
3, 17
Let j be (-20)/(-150) - (2 - (-4813)/(-15)). Let b = -135 + j. List the prime factors of b.
2, 23
Let y(i) = 56*i**2 - 23*i - 135. List the prime factors of y(-7).
2, 5, 277
Let f(s) = s**3 - 18*s + 5*s + 12 + s - 13*s**2. Suppose -3*y - 5 = -47. List the prime factors of f(y).
2, 5
Let u = -75 + 77. Suppose 220 + 1218 = u*m. List the prime factors of m.
719
Let p = -34 - -83. Suppose 51*l + 8 = p*l. List the prime factors of (-312)/(-56) - l/(-7).
5
Let p = -510 - -5542. Suppose -1523 = 11*w - p. What are the prime factors of w?
11, 29
Let s(l) = l**3 - 10*l**2 + 2*l - 10. Let d be s(10). Let t be -61*(24/8 - 40). Suppose t - 377 = d*i. List the prime factors of i.
2, 47
Let u be (-3)/6 + (-14)/(-4). Suppose -u*g = -2*p + 7*p + 9, -p + 2*g - 7 = 0. List the prime factors of 2*-2 + (66 - p).
5, 13
Suppose 193*j - 2*i + 8 = 190*j, -4*j + 3*i - 10 = 0. Suppose r + 2 = 2*k - 10, -5*r + 2*k - 20 = 0. What are the prime factors of (j/6)/(r/123)?
41
Let a(c) = -6*c**3 + 4*c - 4*c**2 + 10*c**3 - 3*c**3. Let v be a(3). List the prime factors of 199/v - 8/6.
5, 13
Let r be 14056/6 + 416/312. Let o = r + -929. List the prime factors of o.
5, 283
Let j = -31153 - -49221. List the prime factors of j.
2, 4517
Let t = 36972 + -17418. What are the prime factors of t?
2, 3, 3259
Let x = 21 + -18. Suppose -2*q + x*d + 267 + 210 = 0, -4*d + 707 = 3*q. Suppose 5*z - 3*j = q, 4*z - 102 = j + 89. What are the prime factors of z?
2, 3
Let k(l) = -4*l**3 - 4*l**2 - 4*l + 1. Let p(h) be the second derivative of -h**4/12 + 2*h**3/3 - 3*h**2 + 16*h. Let x be p(3). List the prime factors of k(x).
5, 17
Let k(f) = -2*f**2 - 10*f - 9. Let l be k(-4). Let y(w) = -3960*w**3 - 4*w**2 - 3*w + 1. Let p be y(l). Suppose p = 12*o + 3*o. List the prime factors of o.
2, 3, 11
Suppose 17*j - 35328 = 126563. List the prime factors of j.
89, 107
Let o(m) = m**2 + 52*m - 53. Let h be o(-41). Let p(t) = t**2 - t + 2. Let n be p(2). What are the prime factors of (n/3)/((-16)/h)?
2, 3, 7
Let p = 11513 + 33669. List the prime factors of p.
2, 19, 29, 41
What are the prime factors of -3 + (5852 - (-17 + -1)) + -1*2?
3, 5, 17, 23
Suppose -41520 